{"id":20,"date":"2024-08-19T16:14:07","date_gmt":"2024-08-19T16:14:07","guid":{"rendered":"https:\/\/marisqueiraterramar.pt\/?page_id=20"},"modified":"2024-08-27T15:17:01","modified_gmt":"2024-08-27T15:17:01","slug":"contactos","status":"publish","type":"page","link":"https:\/\/marisqueiraterramar.pt\/index.php\/contactos\/","title":{"rendered":"Contactos"},"content":{"rendered":"\t\t<div data-elementor-type=\"wp-page\" data-elementor-id=\"20\" class=\"elementor elementor-20\">\n\t\t\t\t<div class=\"elementor-element elementor-element-2e298ad e-flex e-con-boxed e-con e-parent\" data-id=\"2e298ad\" data-element_type=\"container\" data-e-type=\"container\">\n\t\t\t\t\t<div class=\"e-con-inner\">\n\t\t\t\t<div class=\"elementor-element elementor-element-db0ee7b elementor-widget elementor-widget-text-editor\" data-id=\"db0ee7b\" data-element_type=\"widget\" data-e-type=\"widget\" data-widget_type=\"text-editor.default\">\n\t\t\t\t<div class=\"elementor-widget-container\">\n\t\t\t\t\t\t\t\t\t<div class=\"vc_separator wpb_content_element vc_separator_align_center vc_sep_width_100 vc_sep_pos_align_center vc_sep_color_grey vc_custom_1485717031725 wpb_content_element vc_separator-has-text\"><h4 style=\"color: #ad6627;\">MARISQUEIRA TERRA MAR<\/h4><\/div><div class=\"wpb_text_column wpb_content_element vc_custom_1589903775813 quarentena\"><div class=\"wpb_wrapper\"><p>Rua da Boavista n\u00ba512, 3885-449 Esmoriz, Portugal<\/p><p><span class=\"p-horarios\">TEL.<\/span> +351 <span class=\"LrzXr zdqRlf kno-fv\"><span aria-label=\"Ligar para o n\u00famero de telefone 913 510 093\">913 510 093<\/span><\/span><\/p><\/div><\/div><div class=\"wpb_text_column wpb_content_element vc_custom_1685443981451 p-horarios\"><div class=\"wpb_wrapper\"><h4 style=\"color: #ad6627;\">HOR\u00c1RIOS<\/h4><p>12h \u00e0s 15h e das 19h \u00e0s 23h<br \/>Quartas-feiras estamos encerrados.<\/p><\/div><\/div>\t\t\t\t\t\t\t\t<\/div>\n\t\t\t\t<\/div>\n\t\t\t\t\t<\/div>\n\t\t\t\t<\/div>\n\t\t<div class=\"elementor-element elementor-element-3b644af e-flex e-con-boxed e-con e-parent\" data-id=\"3b644af\" data-element_type=\"container\" data-e-type=\"container\">\n\t\t\t\t\t<div class=\"e-con-inner\">\n\t\t\t\t<div class=\"elementor-element elementor-element-d3489bf elementor-widget elementor-widget-osm-map-elementor\" data-id=\"d3489bf\" data-element_type=\"widget\" data-e-type=\"widget\" data-widget_type=\"osm-map-elementor.default\">\n\t\t\t\t<div class=\"elementor-widget-container\">\n\t\t\t\t\t<div id=\"osm-map-d3489bf\" \n        class=\"osm-map-container\" \n        data-center=\"40.958418687612,-8.621207251852\"><\/div>        <script type=\"text\/javascript\">\n                    <\/script>\n        \t\t\t\t<\/div>\n\t\t\t\t<\/div>\n\t\t\t\t\t<\/div>\n\t\t\t\t<\/div>\n\t\t\t\t<\/div>\n\t\t","protected":false},"excerpt":{"rendered":"<p>MARISQUEIRA TERRA MAR Rua da Boavista n\u00ba512, 3885-449 Esmoriz, Portugal TEL. +351 913 510 093 HOR\u00c1RIOS 12h \u00e0s 15h e das 19h \u00e0s 23hQuartas-feiras estamos encerrados.<\/p>\n","protected":false},"author":1,"featured_media":37,"parent":0,"menu_order":0,"comment_status":"closed","ping_status":"closed","template":"","meta":{"inspiro_hide_title":false,"footnotes":""},"class_list":["post-20","page","type-page","status-publish","has-post-thumbnail","hentry"],"_links":{"self":[{"href":"https:\/\/marisqueiraterramar.pt\/index.php\/wp-json\/wp\/v2\/pages\/20","targetHints":{"allow":["GET"]}}],"collection":[{"href":"https:\/\/marisqueiraterramar.pt\/index.php\/wp-json\/wp\/v2\/pages"}],"about":[{"href":"https:\/\/marisqueiraterramar.pt\/index.php\/wp-json\/wp\/v2\/types\/page"}],"author":[{"embeddable":true,"href":"https:\/\/marisqueiraterramar.pt\/index.php\/wp-json\/wp\/v2\/users\/1"}],"replies":[{"embeddable":true,"href":"https:\/\/marisqueiraterramar.pt\/index.php\/wp-json\/wp\/v2\/comments?post=20"}],"version-history":[{"count":16,"href":"https:\/\/marisqueiraterramar.pt\/index.php\/wp-json\/wp\/v2\/pages\/20\/revisions"}],"predecessor-version":[{"id":274,"href":"https:\/\/marisqueiraterramar.pt\/index.php\/wp-json\/wp\/v2\/pages\/20\/revisions\/274"}],"wp:featuredmedia":[{"embeddable":true,"href":"https:\/\/marisqueiraterramar.pt\/index.php\/wp-json\/wp\/v2\/media\/37"}],"wp:attachment":[{"href":"https:\/\/marisqueiraterramar.pt\/index.php\/wp-json\/wp\/v2\/media?parent=20"}],"curies":[{"name":"wp","href":"https:\/\/api.w.org\/{rel}","templated":true}]}}